2). Is y(p) a composite number?
False
Let w = -516 + 1577. Is w a composite number?
False
Let n = -1255 + 5303. Suppose -3*g = -2*k - 3019, 9*k = -4*g + 6*k + n. Is g a composite number?
False
Let q = 0 - 120. Is (q/84)/((-2)/14) prime?
False
Let j(i) = 339*i. Let a be j(3). Suppose 0*o + 2*o + 5*r - 396 = 0, a = 5*o - r. Is o prime?
False
Let c = -1026 + 2368. Let i = c + -2360. Let q = -435 - i. Is q a prime number?
False
Let l(t) = -t**2 + 4*t + 5. Let w be l(5). Let f be 0 + (-4 + w)*-1. Suppose 108 = f*a - 32. Is a a prime number?
False
Suppose -3*f + 4232 = 2*k - 402, -4*k - 3068 = -2*f. Let c = f + -887. Is c a composite number?
True
Let v(t) = -488*t**3 - t**2. Let x = -105 + 104. Is v(x) composite?
False
Suppose 0*o - 25086 = -i - 3*o, -125430 = -5*i + 3*o. Is (-10)/(-65) + (-4)/((-104)/i) prime?
False
Suppose -5*b - 47 = 53. Let g = b + 22. Let n(x) = 163*x + 3. Is n(g) a prime number?
False
Let m be 144/78 + (-4)/(-26). Suppose m*u - 32 = -2*u. Let a(c) = -c**3 + 6*c**2 + 18*c - 9. Is a(u) prime?
True
Let q be (-12)/10*40/(-12). Suppose -12 - 1216 = -q*h. Is h composite?
False
Let i = 21 - 5. Suppose 5*z - i = z. Is (z/(-12))/(1/(-465)) a composite number?
True
Suppose 4*n + 1490 = 4458. Suppose 20 = 6*h - n. Is h composite?
False
Let b be 3/(-2)*128/(-6). Let u = 41 + b. Suppose -3*k = -4*a - u, 0 = -5*k - 2*a + 26 + 61. Is k prime?
True
Let y = 8 + -8. Suppose 4*i + n = 28, -3*i = -y*i - 4*n - 2. Is ((-89)/2)/(i/(-36)) composite?
True
Let i(q) = -q**3 + 10*q**2 - 5*q - 12. Let b be i(9). Let h = -18 + b. Is 29*(h + -2 + 3) a prime number?
False
Let f(q) = 51*q - 2. Let x be f(4). Let b = -53 + x. Is b prime?
True
Suppose 9*x - 22462 = -2*x. Suppose 824 = g - 3*t, -4*g + 5*t + x = -1289. Is g composite?
False
Let l = 5165 - 3654. Is l a prime number?
True
Let j(x) = 2*x**3 + 14*x**2 - 2*x - 10. Let o be j(-7). Suppose 3*k - 4979 = -o*f, k = -4*k - 3*f + 8291. Is k prime?
True
Let u = 6735 - 4374. Is u composite?
True
Let d be -3 - ((-860 - -4) + 1). Suppose -d - 728 = -4*r. Is r prime?
False
Let t = 4 - 2. Suppose t*v + 5*x = x + 160, -2*v + 174 = -3*x. Suppose 0 = -2*c - 2*c + v. Is c a prime number?
False
Let f(j) = -j + 6. Let k be f(3). Suppose 0*s + 2*s - 403 = -k*b, 4*b - 509 = 3*s. Is b a prime number?
True
Let x(b) be the first derivative of -b**4/8 - 7*b**3/3 + b**2/2 + 4. Let v(w) be the second derivative of x(w). Is v(-11) composite?
False
Let j(n) = 5*n**3 - 2*n**2 - 2*n - 10. Let v be j(9). Suppose -4*q = -5 - v. Is q prime?
False
Suppose -3*y = -100*z + 105*z - 42838, -5*y = -3*z - 71408. Is y a prime number?
True
Is 354/2*19 - (-34 + 38) a prime number?
True
Let h be ((-16)/3)/(10/(-15)). Suppose -h*g = -3*g - 305. Let w = g + -6. Is w prime?
False
Let l(a) = a - 9. Let u be l(14). Suppose -u*s - 4*m + 160 = -2*m, -4*m - 54 = -s. Is s a composite number?
True
Suppose -72*n + 356411 + 774061 = 0. Is n prime?
False
Suppose -s = 4*s - 2*u - 16773, -4*u - 16 = 0. Is s composite?
True
Let x be 35/21*(3 - 0). Suppose 0 = r + 3*u - x*u - 278, -586 = -2*r - 2*u. Is -3 + r + 1 + 1 composite?
True
Suppose 5*q - 125 = -3*i, -35 - 47 = -2*i - 4*q. Let t = 162 - i. Suppose 115 + t = 4*y. Is y a composite number?
True
Suppose -35 = 3*z + 2*l, 2 - 45 = 3*z + 4*l. Is (-317)/(2/(-8) - z/(-12)) a prime number?
True
Let z = -12 + 3. Let q = z - -13. Suppose q*d - 111 = 149. Is d a prime number?
False
Suppose 14*d = 12*d + 12. Suppose d*k = 63 + 1101. Is k prime?
False
Suppose -13*h - 17465 = -1095672. Is h composite?
False
Let z = 12624 + -8838. Suppose 181 - z = -5*p. Is p a prime number?
False
Let x be ((-224)/35)/(4/(-10)). Let l = x + -13. Is (32 + -1 - 0) + l a composite number?
True
Suppose -17*m = -56222 - 11047. Is m composite?
True
Let c(o) = 25*o**2 + 24*o + 88. Is c(-23) a prime number?
False
Suppose 0 = -0*m - m + 41. Let r(u) = 41 - u + 978*u**2 - m. Is r(1) a composite number?
False
Let s(w) = 23*w**2 + 3*w + 3. Let c(b) = -b**2 - b. Let f(a) = a**2 + 2*a - 1. Let m(o) = -2*c(o) - 3*f(o). Let g be m(-5). Is s(g) a composite number?
False
Let b = 13249 + -7760. Is b a prime number?
False
Suppose 3*h - 2 = 25. Suppose 0 = -3*k + 3*r + r - h, 0 = -k + 2*r - 5. Is ((-5)/15)/(k/(-165)) a prime number?
False
Let c be (-4)/(12/1425) + 2. Let n = 1270 + c. Is n a composite number?
False
Let u be 1/1 - (-6)/2. Let p be 61/(u + -8 + 5). Let r = 640 + p. Is r a composite number?
False
Let o(k) = -3*k + 13. Let w(s) = 6*s - 26. Let x(g) = 5*o(g) + 2*w(g). Let v(b) = -5*b**2 + 3*b. Let n be v(-1). Is x(n) composite?
False
Suppose 367 + 1262 = 9*x. Let h = x + -3. Is h prime?
False
Let r be -1 + (-1 - (-11180)/(-5)). Is r/9*3/(-2) a prime number?
True
Suppose i + b + 523 = 0, 3*i + 200 = -4*b - 1365. Let f = 2710 + i. Is f prime?
False
Let p(b) = b**2 + 6*b - 3. Let l be p(-7). Suppose -4*j = -l - 4. Suppose 102 = j*v - 236. Is v composite?
True
Let j(f) = -5*f + 8. Let s be j(-8). Let h = 68 - s. Suppose -3*l - 2*q + h = -47, -4*l = q - 96. Is l composite?
True
Let b = -241 - -782. Is b a composite number?
False
Let y = 7419 + -4672. Is y a composite number?
True
Is 2/(-13) + (-16081)/169*-1 a prime number?
False
Let y(k) = 2*k**2 - 5*k - 3. Let i be y(6). Let j = -57 + i. Is 6/(-9) + (-2694)/j a composite number?
False
Suppose -d + 4*w + 791 = -1174, -4*d + 4*w + 7884 = 0. Is d a composite number?
False
Let z(b) = 36*b**2 - 1. Let t(f) = 2*f - 1. Let x be t(2). Suppose -5 = 4*p + 3*g, -2 = -5*g + x*g. Is z(p) composite?
True
Let p = 5 - 8. Let m(r) = -4*r**3 - 2*r**2 + 4. Is m(p) a prime number?
False
Let l(o) = -9*o**3 + 4*o**2 - o + 6. Suppose -2*i - 3 - 1 = -4*z, 22 = i + 4*z. Let s be l(i). Let r = s + 2549. Is r prime?
False
Suppose -z + 2*n + 1462 + 485 = 0, -4*n = 4*z - 7800. Is z a prime number?
True
Suppose 0 = 2*j + 3*h + 1, 3*j - 2*j + h - 1 = 0. Is 4*j/(-16)*-3 composite?
False
Let p = 8059 + -5727. Suppose 276 = -4*x + p. Is x composite?
True
Suppose -c = -2 - 3. Let a(u) = -u**3 + 7*u**2 - 10*u. Let x be a(c). Suppose -5*o = 3*v - 522 - 1334, -4*o + 5*v + 1507 = x. Is o prime?
True
Let s = -1022 - -2213. Is s composite?
True
Let n(c) = 2*c + 14. Let h be n(-5). Suppose h*a = 2645 - 1081. Is a a prime number?
False
Let p = 7690 + 2055. Is p composite?
True
Suppose -26 - 414 = -8*u. Is u composite?
True
Let t(v) = -8*v**3 - 7*v**2 + 10*v - 7. Let g be t(9). Let m = g - -10251. Is m composite?
True
Suppose -w = -4*r - 16 - 25, -3*r - w = 29. Let b be (65/r)/((-1)/58). Is b + 3/((-3)/(-4)) a composite number?
True
Suppose -3*g + 2583 = -0*p + 2*p, -5*g + p = -4292. Is g a prime number?
True
Suppose 126*f = 139*f - 85111. Is f a composite number?
False
Let n(r) = r**2 - 3*r + 1. Let a = -22 + 24. Let w be n(a). Is (-1)/(w/(-85)*-1) prime?
False
Is (-14 - 106032)*2/(-4) a prime number?
False
Let k(v) be the first derivative of v**3 + 11*v**2 - 68*v - 44. Is k(21) prime?
False
Let b = 33 + -231. Let t = 109 - b. Is t composite?
False
Suppose -41*m = -36*m - 27155. Is m a prime number?
True
Let p = -27 + 29. Suppose -4*r + p*g = -276 - 248, -2*r - 3*g = -262. Is r composite?
False
Suppose 0 = 4*r - 4*p - p + 48, -2*r + p - 24 = 0. Is (3/r)/(2/(-88)) a composite number?
False
Suppose 13*s - 15*s + 1108 = 0. Is s a composite number?
True
Let g be 15/(-75) - (-2)/10. Is 286 + 5 + g + 4 a composite number?
True
Let p(s) = -s**3 + 11*s**2 + 14*s - 3. Let y be p(12). Suppose -y*u + 1921 = -20*u. Is u prime?
False
Let q = -14 + 16. Is 997/(1*q/2) composite?
False
Let q be 8/20 - 1428/(-5). Let o = q + -132. Suppose b - o = -b. Is b composite?
True
Is (-1236091)/(-1143) + 8/(-18) prime?
False
Is ((-20707)/(-2))/((-112)/(-224)) prime?
True
Let z = -62 - -79. Suppose z*x = 15*x + 1986. Is x a prime number?
False
Let h = 34 + -42. Is ((-4)/6 + 0)*22908/h a prime number?
False
Let s(x) = -25*x + 16. Let v be (-2 - -3)*21/(-3). Is s(v) a composite number?
False
Suppose -3*c + 4*c = 0. Suppose c = -0*j - 3*j + 3063. Suppose 0 = -3*q - 4*g + 1009, -5*q + 2*g + j = -2*q. Is q a prime number?
False
Let h(r) = 2*r**3 + 22*r**2 - r - 6. Let y(g) = g**3 + 11*g**2 - 3. Let p(c) = -4*h(c) + 9*y(c). Is p(-5) a prime number?
True
Let p(c) = 36*c**2 + 2*c - 3. Suppose -8*h + 30 = -2*h. Is p(h) composite?
False
Let b = -2220 + 5807. Is b a composit